git of 4/5 - y/(-40)?
3
Suppose -2*s + 692400 = 73*s. What is the tens digit of s?
3
Suppose -x + 154304 = 4*s, -11*x - 115728 = -3*s - 9*x. What is the hundreds digit of s?
5
Suppose -90*m = -95*m + 60. What is the units digit of (-7)/(14/m) - -1*664?
8
Let h(t) = t**3 - 48*t**2 + 189*t - 731. What is the units digit of h(52)?
3
Let c = -63980 + 90384. What is the tens digit of c?
0
What is the hundreds digit of (74 - 0)*(2/(-6))/((-4)/498)?
0
Suppose 14*y + 910 = 27*y. Let m be (-1)/1 - (-39 + 1). Let s = y - m. What is the tens digit of s?
3
Suppose 31*h - 12761 = 7310 + 492855. What is the thousands digit of h?
6
Let v = 11 - 54. Let o = -41 - v. Suppose -130 = -i - 2*b, 3*i + 4*b = o*b + 390. What is the hundreds digit of i?
1
Let s(k) = 2*k**2 + k - 31. Let v = -36 - -20. Let t be s(v). Suppose 12*r = 7*r + t. What is the tens digit of r?
9
Suppose i + 23 = -5*a, -2*a - 16 = i - 8. Let x be (6 + -8)*6/(i - 5). Suppose 0*c = 4*h - 2*c - 344, -356 = -x*h - c. What is the tens digit of h?
8
Let u(x) = 10*x - 25. Let c be u(11). Let q = c - -191. What is the hundreds digit of q?
2
What is the tens digit of (-2 - -155)/(582/5044)?
2
Let k = -14792 - -17584. What is the units digit of k?
2
Suppose 154*i + 4*v = 156*i - 29512, 44223 = 3*i + 3*v. What is the ten thousands digit of i?
1
Let z = -122 - -455. Let n = 609 - z. What is the hundreds digit of n?
2
Let r(x) = 8*x**2 - 407*x + 73. What is the units digit of r(-31)?
8
Suppose 0 = 3*x + 4*f - 6 - 5, -4*x + 2*f = -22. Suppose 2*s + q = 10, -s - 4*q - 14 = -x. Let i(r) = r**3 - 6*r**2 + 10*r + 1. What is the tens digit of i(s)?
2
Let z(n) = -3*n + 4. Let u(j) = -j + 26. Let x be u(25). Let f be z(x). Let k(l) = 270*l - 3. What is the units digit of k(f)?
7
Suppose f = s + 20027, 0 = -112*f + 113*f - 5*s - 20039. What is the units digit of f?
4
Let x = -11647 + 18253. What is the thousands digit of x?
6
Let p = 11175 - 3831. What is the thousands digit of p?
7
Let n(u) = -2*u**2 - 2*u - 2. Let h be n(-5). Let z = h + 70. Let y = -20 + z. What is the units digit of y?
8
Let s(r) = 3*r**3 - 7*r**2 - 12*r - 28. Let i be s(13). Suppose 2*d - 4*d = 3*v - i, -4*d = 4*v - 6972. What is the hundreds digit of v?
7
What is the units digit of 78582/14 + (-4 - 1)*-1?
8
Suppose -6*d = d - 7. Let i(a) = 719*a**2 - 3. What is the tens digit of i(d)?
1
Suppose 2*q + 3*f = -1366, -q + 2732 = -5*q - 4*f. Let v = -378 - q. What is the units digit of v?
5
Suppose 119*m - 676336 = 37*m. What is the thousands digit of m?
8
Let d = 14211 - -10300. What is the thousands digit of d?
4
Suppose 15*w = 119 + 661. Let q = 468 - w. What is the tens digit of q?
1
Let m(z) = -3*z - 28. Suppose -24 + 175 = 5*p + 3*g, 0 = -3*p - 2*g + 90. Suppose 33*o + 18 = p*o. What is the units digit of m(o)?
6
Let c = -16118 + 28932. What is the tens digit of c?
1
Suppose 2*d + 0*d - 1600 = -5*q, 2*q = 2*d + 640. Suppose -4*b + 256 = -3*y + y, 4*y = 5*b - q. Let r = 95 - b. What is the units digit of r?
1
What is the thousands digit of 11*(7 - (-2 - -8)) + 36020?
6
Suppose 27*r - 28*r = 103. Let f = -68 - r. Suppose 8*u + f = 9*u. What is the tens digit of u?
3
Let d = -134 + 83. Let l = d + 54. Suppose -l*k + 649 = -c, 2*c = 4*c + 8. What is the units digit of k?
5
Let r = 732 - 363. Let k = r + -156. What is the tens digit of k?
1
Let n(t) = 330*t**2 - 24*t + 2. Let g = 624 + -622. What is the thousands digit of n(g)?
1
Let s be (-120)/(-18) - (-6)/(-9). Suppose 0 = -3*n + 9 + s. Suppose 333 = n*j - 227. What is the units digit of j?
2
What is the tens digit of (-645)/(-1720) + -10762*1/(-16)?
7
Let n(a) = -77*a**3 - 4*a**2 - 3*a + 5. Let g = 104 - 106. What is the units digit of n(g)?
1
Let z be 15/6*6/5. What is the tens digit of (-1)/(4872/(-1623) + z)?
4
Let y(n) = -461*n + 609. What is the hundreds digit of y(-20)?
8
Let o(u) = 215*u**3 - 4*u**2 - 27*u + 235. What is the tens digit of o(6)?
6
Suppose -202*l - 170*l = -2762100. What is the tens digit of l?
2
Suppose 0 = 3*c - q + 63, 46 = -2*c + 3*q - q. Let u be (10/c)/((-2)/((-120)/3)). Let g = u - -123. What is the units digit of g?
3
Let w be (7/(112/1016))/((-1)/(-24)). Suppose -4*d - 4*m = -5976, d = 6*m - m + w. What is the units digit of d?
9
Let a(c) = 2*c**2 - 3*c. Suppose -1 = -n - 2*m, 4*m = -n - 7 - 0. Suppose 24 = -f + n*f. What is the units digit of a(f)?
9
Suppose 5*z + a - 19 = z, 3*z = 2*a + 6. What is the hundreds digit of 355 + (z - (-36)/(-4))?
3
Let t = -7075 + 3901. Let a be (-22)/(-18) - 1 - t/54. Let l = a - 18. What is the units digit of l?
1
Suppose -111 = 27*g - 30*g. Let x(s) = 1 - 69*s - s**2 + g*s - 222*s**3 + 33*s. What is the units digit of x(-1)?
1
Suppose 40632 = 5*h - 24*j + 25*j, -j = -h + 8124. What is the hundreds digit of h?
1
Suppose -5*x - 35 = 110. What is the tens digit of 4/5 + 8/40 - x?
3
What is the tens digit of 20/(600/(-30)) - (-8766)/(2/1)?
8
Let x(s) = s**2 - 31*s + 141. Let f be x(7). Let y = f - -109. What is the tens digit of y?
8
Let z(j) = j**2 + 36*j + 82. Let r be z(-25). Let x = r - -1160. What is the tens digit of x?
6
Suppose 52*h + 16459 = 473175. What is the thousands digit of h?
8
Let u(t) = 14610*t**3 + 8*t**2 + 6*t - 11. What is the hundreds digit of u(1)?
6
What is the hundreds digit of 110/(-605) + 841644/66?
7
Let y(c) = -417*c + 286. What is the units digit of y(-7)?
5
Suppose 9*b - 74604 = -21981. What is the thousands digit of b?
5
Suppose -2*m - 4*d + 10 = 0, 5*m + 3*d - d = -15. Let i(j) = -2*j - 5. Let w be i(m). Suppose -w*c + 840 = -v, -5*v = -9*v - 20. What is the tens digit of c?
6
Let k = -13 + -56. Suppose 77*c - 3217 - 6639 = 0. Let m = c + k. What is the tens digit of m?
5
Let k(x) = -10*x - 138. Let d be k(-7). What is the hundreds digit of (-4966)/(-12) + d/(-408)?
4
Let o be (-79*9/(-12))/((-1)/32). Let z = o + 2996. What is the units digit of z?
0
What is the units digit of 6 + -1 + -7 + 383050/47?
8
Let n(l) = -2*l**3 - 26*l**2 + 64*l - 3. What is the thousands digit of n(-28)?
1
Let x(i) = 847*i**2 - 15*i + 37. What is the units digit of x(3)?
5
Let p(y) = 2*y**3 - 62*y**2 + y - 25. Let m be p(31). What is the hundreds digit of (m - (7 + 3)) + (-409)/(-1)?
4
Let o = 13527 + -7191. What is the hundreds digit of o?
3
Let q = -4 - -7. Let o(r) = -r**2 + 2*r**2 + q - 2 + 2*r + 5. What is the tens digit of o(-7)?
4
Let l = 17728 + -11092. What is the tens digit of l?
3
Suppose u - 92 = -36. Suppose 5*o = -2*v + 2577, u*v = 53*v + 3. What is the hundreds digit of o?
5
Let v be 200/(-14) + 6/21 + 0. Let m be 28/((-3)/(-4) + v/(-56)). Suppose -m = -a + 20. What is the tens digit of a?
4
Let j(c) = 14*c**2 + 35*c - 11. Let k = -48 - -56. Let d(i) = 9*i**2 + 23*i - 7. Let w(o) = k*d(o) - 5*j(o). What is the units digit of w(-8)?
5
What is the tens digit of (-301)/(-28) - 12 - (13242/(-8) - 2)?
5
Let m = -6237 - -12295. What is the thousands digit of m?
6
Let i(u) = -2*u**3 - 44*u**2 + 45*u + 28. Let l be i(-23). What is the tens digit of (48 - l) + (-905)/(-1)?
0
Suppose 6*d - 2*d = -20. Let p(r) = -133*r - 18. Let v be p(d). Suppose -4*u + v = 5*y, -5*u = -y - 10*u + 142. What is the tens digit of y?
2
Let o(l) = -13*l - 5*l - 2 - 6 - 4. Let n = 39 + -42. What is the units digit of o(n)?
2
Suppose 0 = -0*g - g - 433. Let z = g - -928. What is the units digit of z?
5
Let b = 197 - -1014. Suppose 7*m - b - 301 = 0. What is the hundreds digit of m?
2
Let n = 25 - 1. Suppose -17*j = -9*j + n. What is the units digit of 100 + (-6)/j + 0/(-2)?
2
Let f(g) = 5*g**3 + 5*g**2 + 13*g + 11. Let v be f(6). Suppose -3*l + l + v = -c, -5*c = 3*l - 2030. What is the tens digit of l?
7
What is the hundreds digit of (5/(-1))/(11 + 1963752/(-178512))?
4
Let w(f) = f - 20. Let q be w(23). What is the tens digit of 17 - 6/((-4)/(q + -5))?
1
Suppose -s - 15 = -4*s. Let o(d) = 13*d**2 - 56*d - 5. What is the tens digit of o(s)?
4
Let r(p) = p**3 - 8*p**2 + 7*p + 3. Let b be r(7). Suppose 0 = 10*s - 7*s - 4*c - 909, -5*s = b*c - 1515. What is the tens digit of s?
0
Suppose 0 = 4*i + 8, 5*t - 3*t + 2*i - 4756 = 0. Let s = t - 822. What is the tens digit of s?
5
Let q be -6 - 200/(-35) - 3232/7. Let l = q + 1307. What is the tens digit of l?
4
Let p(x) = -6 + 112 + 48 + 36 - 201*x. What is the hundreds digit of p(-8)?
7
Sup